{"id":127,"date":"2013-07-24T13:38:23","date_gmt":"2013-07-24T12:38:23","guid":{"rendered":"http:\/\/fcfamalicao.org\/portal\/?page_id=127"},"modified":"2016-07-29T20:39:49","modified_gmt":"2016-07-29T19:39:49","slug":"estadio","status":"publish","type":"page","link":"https:\/\/fcfamalicao.org\/portal\/clube\/estadio\/","title":{"rendered":"Est\u00e1dio"},"content":{"rendered":"<p>&nbsp;<\/p>\n<div id=\"attachment_161\" style=\"width: 152px\" class=\"wp-caption alignleft\"><img loading=\"lazy\" decoding=\"async\" aria-describedby=\"caption-attachment-161\" class=\" wp-image-161\" src=\"http:\/\/fcfamalicao.org\/portal\/wp-content\/uploads\/2013\/07\/taca_05_med.jpg\" alt=\"Inaugura\u00e7\u00e3o Campo dos Bargos - 21 Setembro 1952\" width=\"142\" height=\"188\" \/><p id=\"caption-attachment-161\" class=\"wp-caption-text\">Inaugura\u00e7\u00e3o Campo dos Bargos &#8211; 21 Setembro 1952<\/p><\/div>\n<p>Ta\u00e7a da Inaugura\u00e7\u00e3o do Campo dos Bargos em 21 de setembro de 1952.<\/p>\n<p>Passados anos passou a denominar-se Est\u00e1dio Municipal\u00a0Famalic\u00e3o.<\/p>\n<p>&nbsp;<\/p>\n<p>&nbsp;<\/p>\n<p>&nbsp;<\/p>\n<p><img loading=\"lazy\" decoding=\"async\" class=\"size-full wp-image-2638 aligncenter\" src=\"http:\/\/fcfamalicao.org\/portal\/wp-content\/uploads\/2015\/08\/fcf_estadio1.jpg\" alt=\"fcf_estadio1\" width=\"960\" height=\"540\" srcset=\"https:\/\/fcfamalicao.org\/portal\/wp-content\/uploads\/2015\/08\/fcf_estadio1.jpg 960w, https:\/\/fcfamalicao.org\/portal\/wp-content\/uploads\/2015\/08\/fcf_estadio1-300x169.jpg 300w, https:\/\/fcfamalicao.org\/portal\/wp-content\/uploads\/2015\/08\/fcf_estadio1-500x281.jpg 500w\" sizes=\"auto, (max-width: 960px) 100vw, 960px\" \/><\/p>\n<p>Imagem do Complexo Desportivo Municipal (Campo N\u00ba 2 e Est\u00e1dio Municipal Famalic\u00e3o)<\/p>\n<p>Localiza\u00e7\u00e3o<br \/>\n<iframe loading=\"lazy\" style=\"border: 0;\" src=\"https:\/\/www.google.com\/maps\/embed?pb=!1m10!1m8!1m3!1d2645.932783135342!2d-8.520950240825746!3d41.401263219779814!3m2!1i1024!2i768!4f13.1!5e1!3m2!1spt-PT!2sus!4v1438638504977\" width=\"600\" height=\"400\" frameborder=\"0\" allowfullscreen=\"allowfullscreen\"><\/iframe><\/p>\n","protected":false},"excerpt":{"rendered":"<p>&nbsp; Ta\u00e7a da Inaugura\u00e7\u00e3o do Campo dos Bargos em 21 de setembro de 1952. Passados anos passou a denominar-se Est\u00e1dio Municipal\u00a0Famalic\u00e3o. &nbsp; &nbsp; &nbsp; Imagem do Complexo Desportivo Municipal (Campo N\u00ba 2 e Est\u00e1dio Municipal Famalic\u00e3o) Localiza\u00e7\u00e3o<\/p>\n","protected":false},"author":1,"featured_media":0,"parent":6,"menu_order":5,"comment_status":"closed","ping_status":"closed","template":"sidebar-page.php","meta":{"ngg_post_thumbnail":0,"footnotes":""},"class_list":["post-127","page","type-page","status-publish","hentry"],"_links":{"self":[{"href":"https:\/\/fcfamalicao.org\/portal\/wp-json\/wp\/v2\/pages\/127","targetHints":{"allow":["GET"]}}],"collection":[{"href":"https:\/\/fcfamalicao.org\/portal\/wp-json\/wp\/v2\/pages"}],"about":[{"href":"https:\/\/fcfamalicao.org\/portal\/wp-json\/wp\/v2\/types\/page"}],"author":[{"embeddable":true,"href":"https:\/\/fcfamalicao.org\/portal\/wp-json\/wp\/v2\/users\/1"}],"replies":[{"embeddable":true,"href":"https:\/\/fcfamalicao.org\/portal\/wp-json\/wp\/v2\/comments?post=127"}],"version-history":[{"count":10,"href":"https:\/\/fcfamalicao.org\/portal\/wp-json\/wp\/v2\/pages\/127\/revisions"}],"predecessor-version":[{"id":3371,"href":"https:\/\/fcfamalicao.org\/portal\/wp-json\/wp\/v2\/pages\/127\/revisions\/3371"}],"up":[{"embeddable":true,"href":"https:\/\/fcfamalicao.org\/portal\/wp-json\/wp\/v2\/pages\/6"}],"wp:attachment":[{"href":"https:\/\/fcfamalicao.org\/portal\/wp-json\/wp\/v2\/media?parent=127"}],"curies":[{"name":"wp","href":"https:\/\/api.w.org\/{rel}","templated":true}]}}

Estádio

<p>&nbsp;</p>
<div id="attachment_161" style="width: 152px" class="wp-caption alignleft"><img loading="lazy" decoding="async" aria-describedby="caption-attachment-161" class=" wp-image-161" src="http://fcfamalicao.org/portal/wp-content/uploads/2013/07/taca_05_med.jpg" alt="Inauguração Campo dos Bargos - 21 Setembro 1952" width="142" height="188" /><p id="caption-attachment-161" class="wp-caption-text">Inauguração Campo dos Bargos &#8211; 21 Setembro 1952</p></div>
<p>Taça da Inauguração do Campo dos Bargos em 21 de setembro de 1952.</p>
<p>Passados anos passou a denominar-se Estádio Municipal Famalicão.</p>
<p>&nbsp;</p>
<p>&nbsp;</p>
<p>&nbsp;</p>
<p><img loading="lazy" decoding="async" class="size-full wp-image-2638 aligncenter" src="http://fcfamalicao.org/portal/wp-content/uploads/2015/08/fcf_estadio1.jpg" alt="fcf_estadio1" width="960" height="540" srcset="https://fcfamalicao.org/portal/wp-content/uploads/2015/08/fcf_estadio1.jpg 960w, https://fcfamalicao.org/portal/wp-content/uploads/2015/08/fcf_estadio1-300x169.jpg 300w, https://fcfamalicao.org/portal/wp-content/uploads/2015/08/fcf_estadio1-500x281.jpg 500w" sizes="auto, (max-width: 960px) 100vw, 960px" /></p>
<p>Imagem do Complexo Desportivo Municipal (Campo Nº 2 e Estádio Municipal Famalicão)</p>
<p>Localização<br />
<iframe loading="lazy" style="border: 0;" src="https://www.google.com/maps/embed?pb=!1m10!1m8!1m3!1d2645.932783135342!2d-8.520950240825746!3d41.401263219779814!3m2!1i1024!2i768!4f13.1!5e1!3m2!1spt-PT!2sus!4v1438638504977" width="600" height="400" frameborder="0" allowfullscreen="allowfullscreen"></iframe></p>

<p>&nbsp; Taça da Inauguração do Campo dos Bargos em 21 de setembro de 1952. Passados anos passou a denominar-se Estádio Municipal Famalicão. &nbsp; &nbsp; &nbsp; Imagem do Complexo Desportivo Municipal (Campo Nº 2 e Estádio Municipal Famalicão) Localização</p>
